 value of (3 - -2) + (-39 - -39)?
5
What is -6 + 0 + 9 + 7 + -4?
6
What is the value of -21 - (-8 + (0 - -2)) - -6?
-9
What is 2 - (-9 + 22 + 2 + -9)?
-4
What is the value of -35 - ((-21 - -2) + 1)?
-17
Evaluate -5 + -16 + 6 + 7 - 3.
-11
Calculate (-5 - (5 + -13)) + -3 + (4 - -1).
5
What is the value of (-5 - (1 + 0)) + (-50 - -37) + 26?
7
What is -1 - 4 - (-6 - (-13 + 8))?
-4
What is the value of 8 - (-47 - -44 - (-9 - 1))?
1
-5 + 0 - (-36 - (-14 + -18))
-1
-8 - (2 + -18 - (12 + -21))
-1
21 + 20 + 3 - 11
33
What is 29 - (-28 - -5 - -74)?
-22
What is the value of -18 - (-17 + (13 - -1))?
-15
What is the value of 21 + -13 + 9 + 6 + -1?
22
What is 8 + -19 + 4 + -3 + -12?
-22
Evaluate -6 + (-9 - (1 + (-3 - 5)) - -19).
11
Calculate 127 + -124 + (-3 - (29 - -1)).
-30
Calculate (5 - (-3 - 11)) + 5.
24
What is the value of -15 + 12 - -4 - -3?
4
What is the value of 9 + -37 + 16 - -27?
15
Calculate 552 + -551 + (-5 - (-4 - (3 + -5))).
-2
What is -1 - (-11 + 4 - (5 - 0))?
11
Calculate -4 + 0 + 0 - (-22 + 1 - -22).
-5
What is the value of 4 - 8 - (-38 + 41) - 15?
-22
-10 + (-3 + -1 - -5) + 23
14
What is the value of -2 + (7 - ((-2 - 1) + 7)) - 7?
-6
Calculate -403 + 415 - (1 - -8).
3
What is the value of 15 - (-23 - (-15 - 27))?
-4
What is -1 + 1 - 6 - (-3 + 0 + -9)?
6
What is the value of -9 - (-1 + (-20 - -10 - -5))?
-3
What is 46 + (15 - 23) - 17?
21
Calculate (7 - 2) + 1 + -1 - (-173 - -168).
10
18 - -1 - (-58 - (-7 + -51))
19
What is the value of -2 - ((-19 - -17) + 19)?
-19
Calculate (9 - (2 + -9) - (7 + 3)) + -9.
-3
What is the value of 12 - (4 - -11) - (-15 + -3 - 2)?
17
Calculate -19 + 46 - 0 - (3 - -1).
23
Calculate (24 - -2) + (-89 - -83) - -2.
22
Evaluate (9 - -9 - 69) + 21.
-30
What is 3 + (-8 + (6 - (4 + -1)) - 5)?
-7
What is (-246 - -227) + (0 - 0) + 14?
-5
What is the value of -6 - (-5 + 3 + 4 + -7) - -7?
6
What is 11 + (-1 - (5 - -7))?
-2
Evaluate (-41 - -2) + (-52 - -79).
-12
What is the value of 388 + -390 + (23 - 0 - 0) + -2?
19
Evaluate 33 + -44 + (-2 - -12).
-1
(0 - (9 + 0)) + (-7 - (-11 + 2))
-7
Calculate 2 + (10 - (-7 - -12 - -1)).
6
What is the value of -3 + -6 + (-7 - -13) + 5?
2
Evaluate 4 + -15 + (6 - 4).
-9
-13 + (1 - 4) + -30 + 33
-13
Calculate (-31 - -26) + (1 - (8 - -1)).
-13
What is the value of 6 - (1 + -1 + (-1 - -14) + -10)?
3
What is the value of (87 - 76) + 6 + -12?
5
What is (-3 - 11) + 4 - (25 - 30)?
-5
Calculate -63 - -50 - (-5 - -1).
-9
What is the value of -8 + -2 + 4 - (-38 + -4 + 55)?
-19
Calculate -1 + 13 - (7 + (7 + -12 - 5)).
15
24 - (-17 - -26) - 3
12
What is the value of 4 + (5 - 15 - -14) + -2?
6
47 + -42 + (4 - 4)
5
What is 4 + (-3 - (-1 - 7)) + -3?
6
What is the value of -15 + 14 + -10 + -1 - (8 + 2)?
-22
Evaluate -29 - (-3 + (7 - 7 - (10 - 8))).
-24
What is the value of 30 - (16 - -13 - 14)?
15
What is 7 + (-10 + -3 - (-23 - 4))?
21
What is -2 + (-5 - -5) - 2 - (0 + -1)?
-3
Calculate 2 - (0 - (-16 + -5)).
-19
-2 + 0 + 242 + -243
-3
Calculate -29 + 40 - (-3 + 6 + -6 + 4).
10
What is -6 - (-28 + 30 - -16)?
-24
(5 - 2 - -6) + 1
10
What is (-3 + -1 - (-6 + 0)) + -1?
1
Evaluate -14 + (2 + 18 - 11) + 1 + 31.
27
-2 + -1 + (-15 - -19) - -3
4
-1 + 9 + (-21 - -5) - (-1 + 0)
-7
What is the value of (-7 + -1 - (53 + -48) - -5) + -6?
-14
Evaluate 8 + (-2 - -4) - 7.
3
What is the value of (1 - -14) + (-17 - (-59 - -59))?
-2
What is -6 + -8 + (14 - 11)?
-11
1 + 28 + -11 + (-3 - -4)
19
Evaluate (17 - 9 - 20) + (-12 - -39).
15
-776 + 776 - (-26 + 1)
25
(2 - 5) + ((-12 - -12) + 4 - -4)
5
Evaluate -1 + -5 + 0 - (1 + 6).
-13
What is the value of -3 + (-4 - -2) + -15?
-20
What is (2 - 4) + (-19 - (-6 - 12)) - 3?
-6
Calculate 9 + -7 + -6 + 9.
5
What is the value of -21 - -13 - (-31 - -16)?
7
What is 4 - (18 - -5) - (-13 - 0 - -9)?
-15
Evaluate 9 + (-29 - -11) - (0 - (2 + -3)).
-10
(-13 + -2 + -10 - -8) + -4
-21
-22 + 8 + -4 + 6
-12
Calculate -22 + 35 + -19 + -1 + 14.
7
(4 - 1 - 4) + (-10 - -9)
-2
Evaluate (24 - (60 + 7)) + 14.
-29
Evaluate -15 + 0 + (-1 - (2 - 11)).
-7
What is the value of -10 + -1 - (302 + -328)?
15
What is 34 - (-13 + 15 + 18)?
14
Evaluate (35 - 27) + (-1 - 16) - (-4 - 3).
-2
What is the value of 8 - (9 + -8 + (36 - 1) + -9)?
-19
Evaluate (258 - 281) + (1 - -13).
-9
Calculate 3 - 2 - 7 - (-107 - -107) - 15.
-21
What is (6 - -10) + -1 - 9?
6
What is the value of -13 - -1 - ((-69 - 19) + 71)?
5
What is the value of 15 - (-32 + 1 + 58)?
-12
Calculate 6 - (-1 + (-2 - 0 - 8) + 4).
13
What is the value of 47 - 79 - (-8 - 57)?
33
What is the value of (-43 - -40) + (6 - 1) + -8 - 16?
-22
Evaluate -18 + 1 + 71 + -130 + 72.
-4
What is the value of -8 + (2 + 13 - -4) + 0 + -1?
10
Evaluate (9 - (-11 + 21)) + 9 - -8.
16
Calculate (1 + -8 - -20) + -3.
10
Evaluate (-33 - -26) + (0 - 2).
-9
Evaluate -4 + (-6 - -1 - -14).
5
What is the value of (1098 - 1090) + (-36 - 0)?
-28
Calculate ((3 - (14 - 12)) + -39 - -3) + -1.
-36
What is the value of 4 - (42 + -17 - 7) - (-1 + 2)?
-15
Evaluate -2 + 11 + -1 + 0 + -9.
-1
What is the value of 5 - (7 + 14) - -25 - (-9 - 1)?
19
What is 1 - (26 + -28 + 13)?
-10
Evaluate 0 - (13 - (-10 + 20 - 7)).
-10
Evaluate -147 + 151 - ((-1 - (-4 - -5)) + 36).
-30
Evaluate (51 - (65 - 13)) + (-15 - 1).
-17
What is 60 + -43 + (4 - 12)?
9
What is the value of -22 - ((-6 - -10) + (1 - 14))?
-13
What is the value of (-3 - (-10 - -10)) + 7 + -10 - -30?
24
Calculate 12 - ((10 - 12 - -1) + -12).
25
Evaluate 8 - ((5 - (9 - 9)) + 0).
3
Calculate -18 + (52 - 39) + 12 + 0.
7
Calculate (30 - 2) + (-4 - 11) + 19.
32
What is (0 - 3) + -5 + 5 + 4?
1
(66 - 64 - (-1 + -1)) + (-5 - 7)
-8
What is 9 + (-5 - 9 - 6)?
-11
61 + -45 - (-2 + 9)
9
Evaluate 15 + (-11 - -6) + -19.
-9
What is the value of 9 - (7 + -35 + 53)?
-16
Calculate -3 + 6 - (34 + -27) - -9.
5
What is the value of 49 - (-10 + 21 + (-4 - -3) + 1)?
38
Evaluate -5 + (-87 - -85) + -2 + 0.
-9
What is -10 - (14 - 0 - (31 - 55 - -27))?
-21
What is 39 + -48 + 0 + 35?
26
Calculate -17 - (13 + -32 - 11).
13
Evaluate (0 - -7) + 78 + -93 - -10.
2
What is -18 + 6 - -22 - 0?
10
Calculate -2 - (-22 - -19 - -18).
-17
What is -16 + (2 - 8 - (-14 - 30))?
22
Evaluate (16 - 8) + -20 + -1 + 6.
-7
9 - 5 - (24 - (9 - -1))
-10
What is (-9 - -4) + 5 + 5 + (13 - -4)?
22
Evaluate (48 - 34) + 1 + 16.
31
What is the value of -14 - (7 + (12 - 19 - 6))?
-8
-7 - -2 - ((-8 - -18 - -8) + -11)
-12
Calculate 2 + (7 - 4) + -2 + (-27 - -17).
-7
What is the value of 32 + 43 + -84 - (1 - -12)?
-22
Evaluate (-1 - 7 - (-10 + 21 + -10)) + 6.
-3
3 + (-1 - (2 - 0) - (-1 - -7))
-6
What is (-62 - -15) + 22 - -44?
19
What is -1 - -5 - (-28 + 12) - (-5 + 11)?
14
What is -2 - 3 - (-1 + -5 + 7 + -6)?
0
Calculate 36 + -29 + (4 - 3).
8
-15 + (3 - -13) - -12
13
What is -5 + 1 - (-2 + 8 + -19 - 0)?
9
Evaluate 272 + -247 + -1 + 1.
25
Evaluate (-8 - (-9 - -4)) + 26 + -28.
-5
What is 0 - 5 - 25 - (-1 - 1)?
-28
-16 + (0 - (-6 - -11 - 11)) - 10
-20
Evaluate (7 - 5 - 17) + 21.
6
Evaluate 99 + -143 - (0 - 13).
-31
Calculate -21 + 6 + -32 + 21.
-26
What is 3 + -14 + 122 + -95 - 14?
2
What is the value of 17 + (-11 - 23) - 0?
-17
Calculate 36 - -8 - 39 - 16.
-11
Calculate 12 + (-33 + 14 - -11 - 8).
-4
What is -15 - (5 + -30) - 25?
-15
Evaluate -5 + (-2 - (1 + 7 + -4) - -1).
-10
Calculate (-15 - (5 + 5 + -18)) + 0 + 4.
-3
Evaluate 3 + 3 + -2 + -3 + -4 - 7.
-10
Evaluate 3 - (-7 - -2 - 9 - -5).
12
Evaluate (-6 - -13) + -15 + 10.
2
What is the value of -6 + (-4 - -30) + (4 - (3 - -3))?
18
Evaluate 2 + 0 - -3 - (10 - 15).
10
What is -12 + 0 - -11 - ((-5 - -4) + -15)?
15
-13 + -7 + 11 + 21
12
Evaluate -123 + 105 + (-1 - -15).
-4
Evaluate -60 + 57 + -3 + 17 - (5 - 0).
6
-3 - -3 - (1 + -8 - (-104 + 91))
-6
-28 + (5 - 0) - (4 - 11)
-16
-4 - (1 + -11 + 33 + -25)
-2
Calculate -104 + 91 - (-11 + -1).
-1
What is (-24 - -2 - (36 - 45)) + 29?
16
Evaluate 23 + -14 + -10 + -1.
-2
What is (23 + -10 + -26 - 20) + 17?
-16
Evaluate 42 + -1 + -107 + 81.
15
What is (-15 + 4 - 2) + 3?
-10
Evaluate 10 + (-1 - (-3 + 18)).
-6
Calculate (5 - (9 - 11) - -3) + -9.
1
Calculate 1 + -1 + 9 - (-312 - -336).
-15
-14 + (14 - (-34 - -26))
8
What is 43 + (8 - (-3 - -21)) + (2 - -1)?
36
What is the value of (-62 - -62) + 1 + 6 - 15?
-8
Calculate (96 - 92) + (1 - (5 + -4)).
4
(9 + -3 - (104 - 88)) + -28
-38
(130 - 132) + (-2 - -5) + 7
8
Calculate 4 -